 digit of 410522394?
2
What is the tens digit of 11059572?
7
What is the units digit of 601992647?
7
What is the millions digit of 700240289?
0
What is the thousands digit of 264389168?
9
What is the ten millions digit of 143719914?
4
What is the ten millions digit of 681279758?
8
What is the tens digit of 351141485?
8
What is the units digit of 838126009?
9
What is the hundred thousands digit of 723433328?
4
What is the millions digit of 98042169?
8
What is the hundred thousands digit of 2496683176?
6
What is the tens digit of 65706123?
2
What is the ten thousands digit of 39991370?
9
What is the thousands digit of 235413757?
3
What is the hundreds digit of 6273562793?
7
What is the millions digit of 113990048?
3
What is the units digit of 65571597?
7
What is the millions digit of 3045938627?
5
What is the units digit of 1603863130?
0
What is the millions digit of 4115860211?
5
What is the ten thousands digit of 64790179?
9
What is the ten millions digit of 3353250397?
5
What is the units digit of 707911074?
4
What is the hundred thousands digit of 98714182?
7
What is the units digit of 851619503?
3
What is the hundred thousands digit of 5091921?
0
What is the tens digit of 90992718?
1
What is the hundreds digit of 3777541?
5
What is the hundred millions digit of 330567693?
3
What is the hundreds digit of 26158111?
1
What is the hundreds digit of 6279730025?
0
What is the hundred millions digit of 6185952831?
1
What is the units digit of 733379372?
2
What is the units digit of 296183320?
0
What is the hundreds digit of 211266610?
6
What is the hundreds digit of 528265105?
1
What is the ten thousands digit of 21318763?
1
What is the ten millions digit of 491020814?
9
What is the hundred thousands digit of 47662020?
6
What is the ten thousands digit of 436235160?
3
What is the tens digit of 34996744?
4
What is the units digit of 33249702?
2
What is the billions digit of 5074574970?
5
What is the billions digit of 1676595455?
1
What is the tens digit of 136416575?
7
What is the units digit of 766077612?
2
What is the ten millions digit of 108463680?
0
What is the tens digit of 789698205?
0
What is the billions digit of 2557909646?
2
What is the tens digit of 24730013?
1
What is the units digit of 721315200?
0
What is the hundred thousands digit of 118282276?
2
What is the tens digit of 274145081?
8
What is the millions digit of 67210489?
7
What is the tens digit of 87120715?
1
What is the thousands digit of 157088893?
8
What is the tens digit of 603541319?
1
What is the units digit of 1733515531?
1
What is the millions digit of 1395668313?
5
What is the hundreds digit of 6526647108?
1
What is the ten thousands digit of 9779159?
7
What is the hundred millions digit of 256498046?
2
What is the hundred thousands digit of 171411080?
4
What is the millions digit of 32921481?
2
What is the ten millions digit of 195626916?
9
What is the tens digit of 143090184?
8
What is the hundreds digit of 21578742?
7
What is the hundred thousands digit of 1889879?
8
What is the tens digit of 808198663?
6
What is the thousands digit of 53168957?
8
What is the millions digit of 3601464?
3
What is the millions digit of 31500065?
1
What is the hundred millions digit of 169506146?
1
What is the millions digit of 230654589?
0
What is the thousands digit of 743356471?
6
What is the hundred millions digit of 930762900?
9
What is the millions digit of 3917007979?
7
What is the tens digit of 1348980302?
0
What is the hundred thousands digit of 2376680462?
6
What is the ten millions digit of 130151372?
3
What is the thousands digit of 1087710995?
0
What is the ten millions digit of 2919717602?
1
What is the thousands digit of 2370977074?
7
What is the thousands digit of 34154750?
4
What is the tens digit of 26844582?
8
What is the millions digit of 123543246?
3
What is the units digit of 400446810?
0
What is the thousands digit of 191848881?
8
What is the hundreds digit of 16105284?
2
What is the ten thousands digit of 214998680?
9
What is the ten millions digit of 254078066?
5
What is the ten thousands digit of 93436352?
3
What is the units digit of 538283856?
6
What is the ten millions digit of 149814927?
4
What is the units digit of 79321669?
9
What is the tens digit of 4661511792?
9
What is the units digit of 1974270320?
0
What is the hundred thousands digit of 293202408?
2
What is the tens digit of 997104188?
8
What is the tens digit of 458562626?
2
What is the hundreds digit of 212654827?
8
What is the ten thousands digit of 33964399?
6
What is the thousands digit of 69625999?
5
What is the hundred millions digit of 998548057?
9
What is the tens digit of 2468607994?
9
What is the units digit of 1978826904?
4
What is the tens digit of 21223198?
9
What is the millions digit of 12872139?
2
What is the ten millions digit of 219269607?
1
What is the ten millions digit of 3129604234?
2
What is the units digit of 770676447?
7
What is the tens digit of 89803992?
9
What is the billions digit of 1089310309?
1
What is the units digit of 93789454?
4
What is the hundred thousands digit of 2351658659?
6
What is the ten millions digit of 59736721?
5
What is the millions digit of 171276881?
1
What is the millions digit of 64205925?
4
What is the ten millions digit of 443168749?
4
What is the ten millions digit of 17248235?
1
What is the ten thousands digit of 6826137?
2
What is the ten millions digit of 25684239?
2
What is the millions digit of 4823259328?
3
What is the thousands digit of 47206411?
6
What is the tens digit of 914670701?
0
What is the hundreds digit of 214135636?
6
What is the thousands digit of 424270155?
0
What is the thousands digit of 33574596?
4
What is the hundred millions digit of 687293007?
6
What is the units digit of 59016106?
6
What is the hundred millions digit of 2031351235?
0
What is the thousands digit of 226631110?
1
What is the ten thousands digit of 340047471?
4
What is the hundreds digit of 106891028?
0
What is the hundreds digit of 89245086?
0
What is the units digit of 69543229?
9
What is the millions digit of 453249053?
3
What is the hundreds digit of 138295380?
3
What is the hundred millions digit of 120190581?
1
What is the units digit of 1289828?
8
What is the ten millions digit of 83507421?
8
What is the hundreds digit of 40651991?
9
What is the hundred thousands digit of 63316441?
3
What is the billions digit of 2258576664?
2
What is the ten thousands digit of 57562365?
6
What is the millions digit of 12402713?
2
What is the hundred thousands digit of 3846696873?
6
What is the ten millions digit of 434153324?
3
What is the millions digit of 3005100418?
5
What is the tens digit of 531166154?
5
What is the hundred thousands digit of 343875865?
8
What is the units digit of 1575691865?
5
What is the ten thousands digit of 324179533?
7
What is the tens digit of 463196250?
5
What is the thousands digit of 4553929?
3
What is the hundred thousands digit of 395675537?
6
What is the ten millions digit of 1883728040?
8
What is the tens digit of 147055968?
6
What is the hundreds digit of 363809392?
3
What is the units digit of 50277504?
4
What is the ten thousands digit of 408784238?
8
What is the millions digit of 48250701?
8
What is the thousands digit of 1950162120?
2
What is the millions digit of 15762281?
5
What is the millions digit of 786343426?
6
What is the ten millions digit of 639138461?
3
What is the hundred thousands digit of 348166999?
1
What is the units digit of 251958164?
4
What is the tens digit of 73497369?
6
What is the ten millions digit of 28514925?
2
What is the billions digit of 3351042246?
3
What is the units digit of 2546154941?
1
What is the units digit of 97083237?
7
What is the tens digit of 583606637?
3
What is the hundred millions digit of 872829810?
8
What is the tens digit of 300134841?
4
What is the tens digit of 43042782?
8
What is the tens digit of 1281823?
2
What is the tens digit of 43041483?
8
What is the units digit of 179495448?
8
What is the tens digit of 1419385883?
8
What is the ten millions digit of 334951185?
3
What is the tens digit of 1763096475?
7
What is the units digit of 409225680?
0
What is the ten thousands digit of 68067663?
6
What is the thousands digit of 223801768?
1
What is the ten millions d